{"id":291,"date":"2018-01-29T15:59:57","date_gmt":"2018-01-29T15:59:57","guid":{"rendered":"http:\/\/wp.suehayward.de\/?page_id=291"},"modified":"2022-03-20T12:49:44","modified_gmt":"2022-03-20T12:49:44","slug":"public-art","status":"publish","type":"page","link":"https:\/\/suehayward.de\/en\/public-art\/","title":{"rendered":"Public Art"},"content":{"rendered":"<p style=\"text-align: center;\"><strong>Ludwig Leichhardt Memorial<\/strong><\/p>\n<div id='gallery-1' class='gallery galleryid-291 gallery-columns-3 gallery-size-thumbnail'><figure class='gallery-item'>\n\t\t\t<div class='gallery-icon portrait'>\n\t\t\t\t<a href='https:\/\/suehayward.de\/en\/public-art\/leichhardt9\/'><img width=\"287\" height=\"300\" src=\"https:\/\/suehayward.de\/wp-content\/uploads\/2018\/01\/leichhardt9-287x300.jpg\" class=\"attachment-thumbnail size-thumbnail\" alt=\"Ludwig Leichhardt Memorial\" loading=\"lazy\" srcset=\"https:\/\/suehayward.de\/wp-content\/uploads\/2018\/01\/leichhardt9-287x300.jpg 287w, https:\/\/suehayward.de\/wp-content\/uploads\/2018\/01\/leichhardt9.jpg 765w\" sizes=\"(max-width: 287px) 100vw, 287px\" \/><\/a>\n\t\t\t<\/div><\/figure><figure class='gallery-item'>\n\t\t\t<div class='gallery-icon portrait'>\n\t\t\t\t<a href='https:\/\/suehayward.de\/en\/public-art\/leichhardt6\/'><img width=\"271\" height=\"300\" src=\"https:\/\/suehayward.de\/wp-content\/uploads\/2018\/01\/leichhardt6-271x300.jpg\" class=\"attachment-thumbnail size-thumbnail\" alt=\"Ludwig Leichhardt Memorial\" loading=\"lazy\" srcset=\"https:\/\/suehayward.de\/wp-content\/uploads\/2018\/01\/leichhardt6-271x300.jpg 271w, https:\/\/suehayward.de\/wp-content\/uploads\/2018\/01\/leichhardt6.jpg 723w\" sizes=\"(max-width: 271px) 100vw, 271px\" \/><\/a>\n\t\t\t<\/div><\/figure><figure class='gallery-item'>\n\t\t\t<div class='gallery-icon landscape'>\n\t\t\t\t<a href='https:\/\/suehayward.de\/en\/public-art\/leichhardt7\/'><img width=\"365\" height=\"300\" src=\"https:\/\/suehayward.de\/wp-content\/uploads\/2018\/01\/leichhardt7-365x300.jpg\" class=\"attachment-thumbnail size-thumbnail\" alt=\"Ludwig Leichhardt Memorial\" loading=\"lazy\" srcset=\"https:\/\/suehayward.de\/wp-content\/uploads\/2018\/01\/leichhardt7-365x300.jpg 365w, https:\/\/suehayward.de\/wp-content\/uploads\/2018\/01\/leichhardt7-768x632.jpg 768w, https:\/\/suehayward.de\/wp-content\/uploads\/2018\/01\/leichhardt7.jpg 972w\" sizes=\"(max-width: 365px) 100vw, 365px\" \/><\/a>\n\t\t\t<\/div><\/figure><figure class='gallery-item'>\n\t\t\t<div class='gallery-icon portrait'>\n\t\t\t\t<a href='https:\/\/suehayward.de\/en\/public-art\/leichhardt2\/'><img width=\"222\" height=\"300\" src=\"https:\/\/suehayward.de\/wp-content\/uploads\/2018\/01\/leichhardt2-222x300.jpg\" class=\"attachment-thumbnail size-thumbnail\" alt=\"Ludwig Leichhardt Memorial\" loading=\"lazy\" srcset=\"https:\/\/suehayward.de\/wp-content\/uploads\/2018\/01\/leichhardt2-222x300.jpg 222w, https:\/\/suehayward.de\/wp-content\/uploads\/2018\/01\/leichhardt2.jpg 591w\" sizes=\"(max-width: 222px) 100vw, 222px\" \/><\/a>\n\t\t\t<\/div><\/figure>\n\t\t<\/div>\n\n<p style=\"text-align: justify;\">Ludwig Leichhardt Memorial, 2013, antique-glass laminated on safety-glass, stainless-steel, bronze, 370cm (from the water-surface) x 30 cm x 12cm.<\/p>\n<p style=\"text-align: justify;\">This memorial pays homage to Friedrich Wilhelm Ludwig Leichhardt, the celebrated Prussian explorer and naturalist who is famous for his exploration of the Australian continent in the mid 1800s. It was erected in cooperation with the Amt Lieberose \/ Oberspreewald in the waters of Schwielochsee at the Leichhardtstrand in Goyatz \/ Brandenburg in 2013, as part of the bicentennial celebrations of Leichhardt\u2019s birth.<br \/>\nThe memorial is made of glass, stainless-steel and bronze. On the glass I have incorporated excerpts from Leichhardt\u2019s Journal An Overland Expedition in Australia, from Moreton Bay to Port Essington, a Distance of Upwards of 3000 Miles, During the Years 1844-1845, dealing with his constant struggles during the course of his first successful expedition. The bronze eucalyptus and banksia leaves in the two smaller open sections of the stele symbolise Leichhardt\u2019s botanical collection.<br \/>\nMy approach to the historical figure of Leichhardt is not a scholarly but rather an emotional one. I am interested in the inner forces that drive people to leave their homes and face extremes. Many others of that era, including my great-grandmother, who travelled from Hamburg as a girl with her family for Australia in 1845, left civilisation to pursue personal goals or dreams under very harsh conditions in strange and distant lands.<\/p>\n<div id='gallery-2' class='gallery galleryid-291 gallery-columns-3 gallery-size-thumbnail'><figure class='gallery-item'>\n\t\t\t<div class='gallery-icon portrait'>\n\t\t\t\t<a href='https:\/\/suehayward.de\/en\/public-art\/leichhardt1\/'><img width=\"224\" height=\"300\" src=\"https:\/\/suehayward.de\/wp-content\/uploads\/2018\/01\/leichhardt1-224x300.jpg\" class=\"attachment-thumbnail size-thumbnail\" alt=\"Ludwig Leichhardt Memorial\" loading=\"lazy\" srcset=\"https:\/\/suehayward.de\/wp-content\/uploads\/2018\/01\/leichhardt1-224x300.jpg 224w, https:\/\/suehayward.de\/wp-content\/uploads\/2018\/01\/leichhardt1.jpg 598w\" sizes=\"(max-width: 224px) 100vw, 224px\" \/><\/a>\n\t\t\t<\/div><\/figure><figure class='gallery-item'>\n\t\t\t<div class='gallery-icon portrait'>\n\t\t\t\t<a href='https:\/\/suehayward.de\/en\/public-art\/leichhardt8\/'><img width=\"266\" height=\"300\" src=\"https:\/\/suehayward.de\/wp-content\/uploads\/2018\/01\/leichhardt8-266x300.jpg\" class=\"attachment-thumbnail size-thumbnail\" alt=\"Ludwig Leichhardt Memorial\" loading=\"lazy\" srcset=\"https:\/\/suehayward.de\/wp-content\/uploads\/2018\/01\/leichhardt8-266x300.jpg 266w, https:\/\/suehayward.de\/wp-content\/uploads\/2018\/01\/leichhardt8.jpg 708w\" sizes=\"(max-width: 266px) 100vw, 266px\" \/><\/a>\n\t\t\t<\/div><\/figure><figure class='gallery-item'>\n\t\t\t<div class='gallery-icon portrait'>\n\t\t\t\t<a href='https:\/\/suehayward.de\/en\/public-art\/leichhardt5\/'><img width=\"172\" height=\"300\" src=\"https:\/\/suehayward.de\/wp-content\/uploads\/2018\/01\/leichhardt5-172x300.jpg\" class=\"attachment-thumbnail size-thumbnail\" alt=\"Ludwig Leichhardt Memorial\" loading=\"lazy\" srcset=\"https:\/\/suehayward.de\/wp-content\/uploads\/2018\/01\/leichhardt5-172x300.jpg 172w, https:\/\/suehayward.de\/wp-content\/uploads\/2018\/01\/leichhardt5.jpg 458w\" sizes=\"(max-width: 172px) 100vw, 172px\" \/><\/a>\n\t\t\t<\/div><\/figure><figure class='gallery-item'>\n\t\t\t<div class='gallery-icon landscape'>\n\t\t\t\t<a href='https:\/\/suehayward.de\/en\/public-art\/leichhardt3\/'><img width=\"393\" height=\"300\" src=\"https:\/\/suehayward.de\/wp-content\/uploads\/2018\/01\/leichhardt3-393x300.jpg\" class=\"attachment-thumbnail size-thumbnail\" alt=\"Ludwig Leichhardt Memorial\" loading=\"lazy\" srcset=\"https:\/\/suehayward.de\/wp-content\/uploads\/2018\/01\/leichhardt3-393x300.jpg 393w, https:\/\/suehayward.de\/wp-content\/uploads\/2018\/01\/leichhardt3-768x587.jpg 768w, https:\/\/suehayward.de\/wp-content\/uploads\/2018\/01\/leichhardt3.jpg 1047w\" sizes=\"(max-width: 393px) 100vw, 393px\" \/><\/a>\n\t\t\t<\/div><\/figure>\n\t\t<\/div>\n\n<p>Press articles<\/p>\n<ul>\n<li><a href=\"http:\/\/leichhardtland.net.au\/home\/reports-from-germany\/leichhardt-in-glass\" target=\"_blank\" rel=\"noopener\">&#8220;Leichhardt in glass&#8221; (www.leichhardtland.net.au)<\/a><\/li>\n<\/ul>\n<ul>\n<li><a href=\"http:\/\/www.rbb-online.de\/brandenburgaktuell\/archiv\/20131020_1930\/durch-die-woche-sue-hayward.html\" target=\"_blank\" rel=\"noopener\">&#8220;Durch die Woche mit: Sue Hayward&#8221;, Fernsehbericht des RBB, 20.10.2013<\/a><\/li>\n<\/ul>\n<ul>\n<li><a href=\"http:\/\/suehayward.de\/wp-content\/uploads\/2018\/01\/luebbener_rundschau.pdf\" target=\"_blank\" rel=\"noopener\">&#8220;K\u00fcnstlerin ehrt Leichhardt mit Stele&#8221;, L\u00fcbbener Rundschau, 23.5.2013<\/a><\/li>\n<\/ul>\n<ul>\n<li><a href=\"http:\/\/www.moz.de\/artikel-ansicht\/dg\/0\/1\/1139242\" target=\"_blank\" rel=\"noopener\">&#8220;Leichhardt-Stele wird am Seeufer errichtet&#8221;, M\u00e4rkische Oderzeitung, 23.4.2013<\/a><\/li>\n<\/ul>\n<ul>\n<li><a href=\"http:\/\/www.stk.brandenburg.de\/sixcms\/detail.php\/bb1.c.328594.de\" target=\"_blank\" rel=\"noopener\">&#8220;Platzeck und Vogels\u00e4nger unterst\u00fctzen Denkmal f\u00fcr Australienforscher Leichhardt am\u00a0Schwielochsee&#8221;, Staatskanzlei Brandenburg, 22.04.2013 <\/a><\/li>\n<\/ul>\n<p>More about Ludwig Leichhardt at: <a href=\"http:\/\/www.leichhardtland.de\" target=\"_blank\" rel=\"noopener\">www.leichhardtland.de<\/a><\/p>\n","protected":false},"excerpt":{"rendered":"<p>Ludwig Leichhardt Memorial Ludwig Leichhardt Memorial, 2013, antique-glass laminated on safety-glass, stainless-steel, bronze, 370cm (from the water-surface) x 30 cm x 12cm. This memorial pays homage to Friedrich Wilhelm Ludwig Leichhardt, the celebrated Prussian explorer and naturalist who is famous for his exploration of the Australian continent in the mid 1800s. It was erected in [&hellip;]<\/p>\n","protected":false},"author":1,"featured_media":0,"parent":0,"menu_order":0,"comment_status":"closed","ping_status":"closed","template":"template-parts\/page-simple-gallery.php","meta":[],"translation":{"provider":"WPGlobus","version":"3.0.1","language":"en","enabled_languages":["de","en"],"languages":{"de":{"title":true,"content":true,"excerpt":false},"en":{"title":true,"content":true,"excerpt":false}}},"_links":{"self":[{"href":"https:\/\/suehayward.de\/en\/wp-json\/wp\/v2\/pages\/291"}],"collection":[{"href":"https:\/\/suehayward.de\/en\/wp-json\/wp\/v2\/pages"}],"about":[{"href":"https:\/\/suehayward.de\/en\/wp-json\/wp\/v2\/types\/page"}],"author":[{"embeddable":true,"href":"https:\/\/suehayward.de\/en\/wp-json\/wp\/v2\/users\/1"}],"replies":[{"embeddable":true,"href":"https:\/\/suehayward.de\/en\/wp-json\/wp\/v2\/comments?post=291"}],"version-history":[{"count":8,"href":"https:\/\/suehayward.de\/en\/wp-json\/wp\/v2\/pages\/291\/revisions"}],"predecessor-version":[{"id":1213,"href":"https:\/\/suehayward.de\/en\/wp-json\/wp\/v2\/pages\/291\/revisions\/1213"}],"wp:attachment":[{"href":"https:\/\/suehayward.de\/en\/wp-json\/wp\/v2\/media?parent=291"}],"curies":[{"name":"wp","href":"https:\/\/api.w.org\/{rel}","templated":true}]}}

<p style="text-align: center;"><strong>Ludwig Leichhardt Memorial</strong></p>
<div id='gallery-1' class='gallery galleryid-291 gallery-columns-3 gallery-size-thumbnail'><figure class='gallery-item'>
			<div class='gallery-icon portrait'>
				<a href='https://suehayward.de/en/public-art/leichhardt9/'><img width="287" height="300" src="https://suehayward.de/wp-content/uploads/2018/01/leichhardt9-287x300.jpg" class="attachment-thumbnail size-thumbnail" alt="Ludwig Leichhardt Memorial" loading="lazy" srcset="https://suehayward.de/wp-content/uploads/2018/01/leichhardt9-287x300.jpg 287w, https://suehayward.de/wp-content/uploads/2018/01/leichhardt9.jpg 765w" sizes="(max-width: 287px) 100vw, 287px" /></a>
			</div></figure><figure class='gallery-item'>
			<div class='gallery-icon portrait'>
				<a href='https://suehayward.de/en/public-art/leichhardt6/'><img width="271" height="300" src="https://suehayward.de/wp-content/uploads/2018/01/leichhardt6-271x300.jpg" class="attachment-thumbnail size-thumbnail" alt="Ludwig Leichhardt Memorial" loading="lazy" srcset="https://suehayward.de/wp-content/uploads/2018/01/leichhardt6-271x300.jpg 271w, https://suehayward.de/wp-content/uploads/2018/01/leichhardt6.jpg 723w" sizes="(max-width: 271px) 100vw, 271px" /></a>
			</div></figure><figure class='gallery-item'>
			<div class='gallery-icon landscape'>
				<a href='https://suehayward.de/en/public-art/leichhardt7/'><img width="365" height="300" src="https://suehayward.de/wp-content/uploads/2018/01/leichhardt7-365x300.jpg" class="attachment-thumbnail size-thumbnail" alt="Ludwig Leichhardt Memorial" loading="lazy" srcset="https://suehayward.de/wp-content/uploads/2018/01/leichhardt7-365x300.jpg 365w, https://suehayward.de/wp-content/uploads/2018/01/leichhardt7-768x632.jpg 768w, https://suehayward.de/wp-content/uploads/2018/01/leichhardt7.jpg 972w" sizes="(max-width: 365px) 100vw, 365px" /></a>
			</div></figure><figure class='gallery-item'>
			<div class='gallery-icon portrait'>
				<a href='https://suehayward.de/en/public-art/leichhardt2/'><img width="222" height="300" src="https://suehayward.de/wp-content/uploads/2018/01/leichhardt2-222x300.jpg" class="attachment-thumbnail size-thumbnail" alt="Ludwig Leichhardt Memorial" loading="lazy" srcset="https://suehayward.de/wp-content/uploads/2018/01/leichhardt2-222x300.jpg 222w, https://suehayward.de/wp-content/uploads/2018/01/leichhardt2.jpg 591w" sizes="(max-width: 222px) 100vw, 222px" /></a>
			</div></figure>
		</div>

<p style="text-align: justify;">Ludwig Leichhardt Memorial, 2013, antique-glass laminated on safety-glass, stainless-steel, bronze, 370cm (from the water-surface) x 30 cm x 12cm.</p>
<p style="text-align: justify;">This memorial pays homage to Friedrich Wilhelm Ludwig Leichhardt, the celebrated Prussian explorer and naturalist who is famous for his exploration of the Australian continent in the mid 1800s. It was erected in cooperation with the Amt Lieberose / Oberspreewald in the waters of Schwielochsee at the Leichhardtstrand in Goyatz / Brandenburg in 2013, as part of the bicentennial celebrations of Leichhardt’s birth.<br />
The memorial is made of glass, stainless-steel and bronze. On the glass I have incorporated excerpts from Leichhardt’s Journal An Overland Expedition in Australia, from Moreton Bay to Port Essington, a Distance of Upwards of 3000 Miles, During the Years 1844-1845, dealing with his constant struggles during the course of his first successful expedition. The bronze eucalyptus and banksia leaves in the two smaller open sections of the stele symbolise Leichhardt’s botanical collection.<br />
My approach to the historical figure of Leichhardt is not a scholarly but rather an emotional one. I am interested in the inner forces that drive people to leave their homes and face extremes. Many others of that era, including my great-grandmother, who travelled from Hamburg as a girl with her family for Australia in 1845, left civilisation to pursue personal goals or dreams under very harsh conditions in strange and distant lands.</p>
<div id='gallery-2' class='gallery galleryid-291 gallery-columns-3 gallery-size-thumbnail'><figure class='gallery-item'>
			<div class='gallery-icon portrait'>
				<a href='https://suehayward.de/en/public-art/leichhardt1/'><img width="224" height="300" src="https://suehayward.de/wp-content/uploads/2018/01/leichhardt1-224x300.jpg" class="attachment-thumbnail size-thumbnail" alt="Ludwig Leichhardt Memorial" loading="lazy" srcset="https://suehayward.de/wp-content/uploads/2018/01/leichhardt1-224x300.jpg 224w, https://suehayward.de/wp-content/uploads/2018/01/leichhardt1.jpg 598w" sizes="(max-width: 224px) 100vw, 224px" /></a>
			</div></figure><figure class='gallery-item'>
			<div class='gallery-icon portrait'>
				<a href='https://suehayward.de/en/public-art/leichhardt8/'><img width="266" height="300" src="https://suehayward.de/wp-content/uploads/2018/01/leichhardt8-266x300.jpg" class="attachment-thumbnail size-thumbnail" alt="Ludwig Leichhardt Memorial" loading="lazy" srcset="https://suehayward.de/wp-content/uploads/2018/01/leichhardt8-266x300.jpg 266w, https://suehayward.de/wp-content/uploads/2018/01/leichhardt8.jpg 708w" sizes="(max-width: 266px) 100vw, 266px" /></a>
			</div></figure><figure class='gallery-item'>
			<div class='gallery-icon portrait'>
				<a href='https://suehayward.de/en/public-art/leichhardt5/'><img width="172" height="300" src="https://suehayward.de/wp-content/uploads/2018/01/leichhardt5-172x300.jpg" class="attachment-thumbnail size-thumbnail" alt="Ludwig Leichhardt Memorial" loading="lazy" srcset="https://suehayward.de/wp-content/uploads/2018/01/leichhardt5-172x300.jpg 172w, https://suehayward.de/wp-content/uploads/2018/01/leichhardt5.jpg 458w" sizes="(max-width: 172px) 100vw, 172px" /></a>
			</div></figure><figure class='gallery-item'>
			<div class='gallery-icon landscape'>
				<a href='https://suehayward.de/en/public-art/leichhardt3/'><img width="393" height="300" src="https://suehayward.de/wp-content/uploads/2018/01/leichhardt3-393x300.jpg" class="attachment-thumbnail size-thumbnail" alt="Ludwig Leichhardt Memorial" loading="lazy" srcset="https://suehayward.de/wp-content/uploads/2018/01/leichhardt3-393x300.jpg 393w, https://suehayward.de/wp-content/uploads/2018/01/leichhardt3-768x587.jpg 768w, https://suehayward.de/wp-content/uploads/2018/01/leichhardt3.jpg 1047w" sizes="(max-width: 393px) 100vw, 393px" /></a>
			</div></figure>
		</div>

<p>Press articles</p>
<ul>
<li><a href="http://leichhardtland.net.au/home/reports-from-germany/leichhardt-in-glass" target="_blank" rel="noopener">&#8220;Leichhardt in glass&#8221; (www.leichhardtland.net.au)</a></li>
</ul>
<ul>
<li><a href="http://www.rbb-online.de/brandenburgaktuell/archiv/20131020_1930/durch-die-woche-sue-hayward.html" target="_blank" rel="noopener">&#8220;Durch die Woche mit: Sue Hayward&#8221;, Fernsehbericht des RBB, 20.10.2013</a></li>
</ul>
<ul>
<li><a href="http://suehayward.de/wp-content/uploads/2018/01/luebbener_rundschau.pdf" target="_blank" rel="noopener">&#8220;Künstlerin ehrt Leichhardt mit Stele&#8221;, Lübbener Rundschau, 23.5.2013</a></li>
</ul>
<ul>
<li><a href="http://www.moz.de/artikel-ansicht/dg/0/1/1139242" target="_blank" rel="noopener">&#8220;Leichhardt-Stele wird am Seeufer errichtet&#8221;, Märkische Oderzeitung, 23.4.2013</a></li>
</ul>
<ul>
<li><a href="http://www.stk.brandenburg.de/sixcms/detail.php/bb1.c.328594.de" target="_blank" rel="noopener">&#8220;Platzeck und Vogelsänger unterstützen Denkmal für Australienforscher Leichhardt am Schwielochsee&#8221;, Staatskanzlei Brandenburg, 22.04.2013 </a></li>
</ul>
<p>More about Ludwig Leichhardt at: <a href="http://www.leichhardtland.de" target="_blank" rel="noopener">www.leichhardtland.de</a></p>
